{"id":2700,"date":"2023-10-04T17:11:38","date_gmt":"2023-10-04T20:11:38","guid":{"rendered":"https:\/\/isfd45-bue.infd.edu.ar\/sitio\/?page_id=2700"},"modified":"2023-10-20T16:45:36","modified_gmt":"2023-10-20T19:45:36","slug":"informacion-profesorado-de-fisica","status":"publish","type":"page","link":"https:\/\/isfd45-bue.infd.edu.ar\/sitio\/informacion-profesorado-de-fisica\/","title":{"rendered":"Informaci\u00f3n de F\u00edsica"},"content":{"rendered":"\n<figure class=\"wp-block-image size-thumbnail\"><img decoding=\"async\" loading=\"lazy\" width=\"500\" height=\"500\" src=\"https:\/\/isfd45-bue.infd.edu.ar\/sitio\/wp-content\/uploads\/2023\/10\/fisica-500x500.jpg\" alt=\"\" class=\"wp-image-2701\"\/><\/figure>\n\n\n\n<p>T\u00edtulo a obtener: Profesora\/Profesor de Educaci\u00f3n Secundaria en F\u00edsica.<br>Duraci\u00f3n de la carrera: 4 a\u00f1os.<br>Jefe de \u00e1rea: Prof. Gustavo Groccia<br>Turno Vespertino<br>Sede Laiacona 1040. Haedo<br>El Profesorado de F\u00edsica se dicta en nuestra instituci\u00f3n desde 1985 y es una de las 9<br>carreras de profesorado que pod\u00e9s encontrar en nuestro instituto.<br>zA continuaci\u00f3n un mensaje para nuestros estudiantes:<\/p>\n\n\n\n<figure class=\"wp-block-image size-full is-resized\"><img decoding=\"async\" loading=\"lazy\" src=\"https:\/\/isfd45-bue.infd.edu.ar\/sitio\/wp-content\/uploads\/2023\/10\/einstein.jpg\" alt=\"\" class=\"wp-image-2702\" width=\"341\" height=\"421\" srcset=\"https:\/\/isfd45-bue.infd.edu.ar\/sitio\/wp-content\/uploads\/2023\/10\/einstein.jpg 1362w, https:\/\/isfd45-bue.infd.edu.ar\/sitio\/wp-content\/uploads\/2023\/10\/einstein-810x1000.jpg 810w, https:\/\/isfd45-bue.infd.edu.ar\/sitio\/wp-content\/uploads\/2023\/10\/einstein-768x948.jpg 768w, https:\/\/isfd45-bue.infd.edu.ar\/sitio\/wp-content\/uploads\/2023\/10\/einstein-1244x1536.jpg 1244w\" sizes=\"(max-width: 341px) 100vw, 341px\" \/><figcaption class=\"wp-element-caption\">Nuevo <a href=\"https:\/\/abc.gob.ar\/secretarias\/sites\/default\/files\/2023-04\/Dise%C3%B1o%20Curricular%20del%20Profesorado%20de%20Educaci%C3%B3n%20Secundaria%20en%20Qu%C3%ADmica_0.pdf\">Plan de estudios vigente desde 1er a\u00f1o de 2023:<\/a><\/figcaption><\/figure>\n\n\n\n<figure class=\"wp-block-image size-medium\"><img decoding=\"async\" loading=\"lazy\" width=\"769\" height=\"1000\" src=\"https:\/\/isfd45-bue.infd.edu.ar\/sitio\/wp-content\/uploads\/2023\/10\/primero-fi-1-769x1000.jpg\" alt=\"\" class=\"wp-image-2707\" srcset=\"https:\/\/isfd45-bue.infd.edu.ar\/sitio\/wp-content\/uploads\/2023\/10\/primero-fi-1-769x1000.jpg 769w, https:\/\/isfd45-bue.infd.edu.ar\/sitio\/wp-content\/uploads\/2023\/10\/primero-fi-1-768x999.jpg 768w, https:\/\/isfd45-bue.infd.edu.ar\/sitio\/wp-content\/uploads\/2023\/10\/primero-fi-1.jpg 960w\" sizes=\"(max-width: 769px) 100vw, 769px\" \/><\/figure>\n\n\n\n<figure class=\"wp-block-image size-medium\"><img decoding=\"async\" loading=\"lazy\" width=\"636\" height=\"1000\" src=\"https:\/\/isfd45-bue.infd.edu.ar\/sitio\/wp-content\/uploads\/2023\/10\/segundo-fi-1-636x1000.jpg\" alt=\"\" class=\"wp-image-2710\" srcset=\"https:\/\/isfd45-bue.infd.edu.ar\/sitio\/wp-content\/uploads\/2023\/10\/segundo-fi-1-636x1000.jpg 636w, https:\/\/isfd45-bue.infd.edu.ar\/sitio\/wp-content\/uploads\/2023\/10\/segundo-fi-1-768x1207.jpg 768w, https:\/\/isfd45-bue.infd.edu.ar\/sitio\/wp-content\/uploads\/2023\/10\/segundo-fi-1.jpg 974w\" sizes=\"(max-width: 636px) 100vw, 636px\" \/><\/figure>\n\n\n\n<figure class=\"wp-block-image size-medium\"><img decoding=\"async\" loading=\"lazy\" width=\"684\" height=\"1000\" src=\"https:\/\/isfd45-bue.infd.edu.ar\/sitio\/wp-content\/uploads\/2023\/10\/tercero-fi-1-684x1000.jpg\" alt=\"\" class=\"wp-image-2711\" srcset=\"https:\/\/isfd45-bue.infd.edu.ar\/sitio\/wp-content\/uploads\/2023\/10\/tercero-fi-1-684x1000.jpg 684w, https:\/\/isfd45-bue.infd.edu.ar\/sitio\/wp-content\/uploads\/2023\/10\/tercero-fi-1-768x1124.jpg 768w, https:\/\/isfd45-bue.infd.edu.ar\/sitio\/wp-content\/uploads\/2023\/10\/tercero-fi-1.jpg 974w\" sizes=\"(max-width: 684px) 100vw, 684px\" \/><\/figure>\n\n\n\n<figure class=\"wp-block-image size-medium\"><img decoding=\"async\" loading=\"lazy\" width=\"629\" height=\"1000\" src=\"https:\/\/isfd45-bue.infd.edu.ar\/sitio\/wp-content\/uploads\/2023\/10\/cuarto-fi-1-629x1000.jpg\" alt=\"\" class=\"wp-image-2712\" srcset=\"https:\/\/isfd45-bue.infd.edu.ar\/sitio\/wp-content\/uploads\/2023\/10\/cuarto-fi-1-629x1000.jpg 629w, https:\/\/isfd45-bue.infd.edu.ar\/sitio\/wp-content\/uploads\/2023\/10\/cuarto-fi-1-768x1220.jpg 768w, https:\/\/isfd45-bue.infd.edu.ar\/sitio\/wp-content\/uploads\/2023\/10\/cuarto-fi-1-967x1536.jpg 967w, https:\/\/isfd45-bue.infd.edu.ar\/sitio\/wp-content\/uploads\/2023\/10\/cuarto-fi-1.jpg 976w\" sizes=\"(max-width: 629px) 100vw, 629px\" \/><\/figure>\n","protected":false},"excerpt":{"rendered":"<p>T\u00edtulo a obtener: Profesora\/Profesor de Educaci\u00f3n Secundaria en F\u00edsica.Duraci\u00f3n de la carrera: 4 a\u00f1os.Jefe de \u00e1rea: Prof. Gustavo GrocciaTurno VespertinoSede Laiacona 1040. HaedoEl Profesorado de F\u00edsica se dicta en nuestra instituci\u00f3n desde 1985 y es una de las 9carreras de profesorado que pod\u00e9s encontrar en nuestro instituto.zA continuaci\u00f3n un mensaje para nuestros estudiantes:<\/p>\n","protected":false},"author":2879,"featured_media":0,"parent":0,"menu_order":0,"comment_status":"closed","ping_status":"closed","template":"","meta":[],"acf":[],"_links":{"self":[{"href":"https:\/\/isfd45-bue.infd.edu.ar\/sitio\/wp-json\/wp\/v2\/pages\/2700"}],"collection":[{"href":"https:\/\/isfd45-bue.infd.edu.ar\/sitio\/wp-json\/wp\/v2\/pages"}],"about":[{"href":"https:\/\/isfd45-bue.infd.edu.ar\/sitio\/wp-json\/wp\/v2\/types\/page"}],"author":[{"embeddable":true,"href":"https:\/\/isfd45-bue.infd.edu.ar\/sitio\/wp-json\/wp\/v2\/users\/2879"}],"replies":[{"embeddable":true,"href":"https:\/\/isfd45-bue.infd.edu.ar\/sitio\/wp-json\/wp\/v2\/comments?post=2700"}],"version-history":[{"count":4,"href":"https:\/\/isfd45-bue.infd.edu.ar\/sitio\/wp-json\/wp\/v2\/pages\/2700\/revisions"}],"predecessor-version":[{"id":2756,"href":"https:\/\/isfd45-bue.infd.edu.ar\/sitio\/wp-json\/wp\/v2\/pages\/2700\/revisions\/2756"}],"wp:attachment":[{"href":"https:\/\/isfd45-bue.infd.edu.ar\/sitio\/wp-json\/wp\/v2\/media?parent=2700"}],"curies":[{"name":"wp","href":"https:\/\/api.w.org\/{rel}","templated":true}]}}